{"id":1081,"date":"2019-08-26T15:21:40","date_gmt":"2019-08-26T15:21:40","guid":{"rendered":"http:\/\/new.fraserhickson.ca\/?page_id=1081"},"modified":"2020-01-22T15:01:55","modified_gmt":"2020-01-22T15:01:55","slug":"helen-fortin","status":"publish","type":"page","link":"https:\/\/www.minibiblioplus.org\/index.php\/helen-fortin\/","title":{"rendered":"Helen Fortin"},"content":{"rendered":"\t\t<div data-elementor-type=\"wp-post\" data-elementor-id=\"1081\" class=\"elementor elementor-1081\" data-elementor-settings=\"[]\">\n\t\t\t\t\t\t<div class=\"elementor-inner\">\n\t\t\t\t\t\t\t<div class=\"elementor-section-wrap\">\n\t\t\t\t\t\t\t<section class=\"elementor-section elementor-top-section elementor-element elementor-element-0217fe6 elementor-section-boxed elementor-section-height-default elementor-section-height-default\" data-id=\"0217fe6\" data-element_type=\"section\">\n\t\t\t\t\t\t<div class=\"elementor-container elementor-column-gap-default\">\n\t\t\t\t\t\t\t<div class=\"elementor-row\">\n\t\t\t\t\t<div class=\"elementor-column elementor-col-100 elementor-top-column elementor-element elementor-element-409c696\" data-id=\"409c696\" data-element_type=\"column\">\n\t\t\t<div class=\"elementor-column-wrap elementor-element-populated\">\n\t\t\t\t\t\t\t<div class=\"elementor-widget-wrap\">\n\t\t\t\t\t\t<div class=\"elementor-element elementor-element-a24c29c elementor-widget elementor-widget-spacer\" data-id=\"a24c29c\" data-element_type=\"widget\" data-widget_type=\"spacer.default\">\n\t\t\t\t<div class=\"elementor-widget-container\">\n\t\t\t\t\t<div class=\"elementor-spacer\">\n\t\t\t<div class=\"elementor-spacer-inner\"><\/div>\n\t\t<\/div>\n\t\t\t\t<\/div>\n\t\t\t\t<\/div>\n\t\t\t\t\t\t<\/div>\n\t\t\t\t\t<\/div>\n\t\t<\/div>\n\t\t\t\t\t\t\t\t<\/div>\n\t\t\t\t\t<\/div>\n\t\t<\/section>\n\t\t\t\t<section class=\"elementor-section elementor-top-section elementor-element elementor-element-c74282d elementor-section-boxed elementor-section-height-default elementor-section-height-default\" data-id=\"c74282d\" data-element_type=\"section\">\n\t\t\t\t\t\t<div class=\"elementor-container elementor-column-gap-wide\">\n\t\t\t\t\t\t\t<div class=\"elementor-row\">\n\t\t\t\t\t<div class=\"elementor-column elementor-col-50 elementor-top-column elementor-element elementor-element-7bc9ba7\" data-id=\"7bc9ba7\" data-element_type=\"column\">\n\t\t\t<div class=\"elementor-column-wrap elementor-element-populated\">\n\t\t\t\t\t\t\t<div class=\"elementor-widget-wrap\">\n\t\t\t\t\t\t<div class=\"elementor-element elementor-element-2e7c4e7 elementor-widget elementor-widget-image\" data-id=\"2e7c4e7\" data-element_type=\"widget\" data-widget_type=\"image.default\">\n\t\t\t\t<div class=\"elementor-widget-container\">\n\t\t\t\t\t\t\t\t<div class=\"elementor-image\">\n\t\t\t\t\t\t\t\t\t\t\t\t<img width=\"793\" height=\"514\" src=\"https:\/\/www.minibiblioplus.org\/wp-content\/uploads\/2019\/08\/Helen_OurTeam_website.jpg\" class=\"attachment-full size-full\" alt=\"\" loading=\"lazy\" srcset=\"https:\/\/www.minibiblioplus.org\/wp-content\/uploads\/2019\/08\/Helen_OurTeam_website.jpg 793w, https:\/\/www.minibiblioplus.org\/wp-content\/uploads\/2019\/08\/Helen_OurTeam_website-300x194.jpg 300w, https:\/\/www.minibiblioplus.org\/wp-content\/uploads\/2019\/08\/Helen_OurTeam_website-768x498.jpg 768w\" sizes=\"(max-width: 793px) 100vw, 793px\" \/>\t\t\t\t\t\t\t\t\t\t\t\t\t\t<\/div>\n\t\t\t\t\t\t<\/div>\n\t\t\t\t<\/div>\n\t\t\t\t\t\t<\/div>\n\t\t\t\t\t<\/div>\n\t\t<\/div>\n\t\t\t\t<div class=\"elementor-column elementor-col-50 elementor-top-column elementor-element elementor-element-d564c42\" data-id=\"d564c42\" data-element_type=\"column\">\n\t\t\t<div class=\"elementor-column-wrap elementor-element-populated\">\n\t\t\t\t\t\t\t<div class=\"elementor-widget-wrap\">\n\t\t\t\t\t\t<div class=\"elementor-element elementor-element-1557716 elementor-widget elementor-widget-heading\" data-id=\"1557716\" data-element_type=\"widget\" data-widget_type=\"heading.default\">\n\t\t\t\t<div class=\"elementor-widget-container\">\n\t\t\t<h2 class=\"elementor-heading-title elementor-size-default\">Helen Fortin<\/h2>\t\t<\/div>\n\t\t\t\t<\/div>\n\t\t\t\t<div class=\"elementor-element elementor-element-af61015 elementor-widget elementor-widget-text-editor\" data-id=\"af61015\" data-element_type=\"widget\" data-widget_type=\"text-editor.default\">\n\t\t\t\t<div class=\"elementor-widget-container\">\n\t\t\t\t\t\t\t\t<div class=\"elementor-text-editor elementor-clearfix\">\n\t\t\t\t<p>Chef de la direction<\/p>\t\t\t\t\t<\/div>\n\t\t\t\t\t\t<\/div>\n\t\t\t\t<\/div>\n\t\t\t\t<div class=\"elementor-element elementor-element-8d5ea10 elementor-widget elementor-widget-text-editor\" data-id=\"8d5ea10\" data-element_type=\"widget\" data-widget_type=\"text-editor.default\">\n\t\t\t\t<div class=\"elementor-widget-container\">\n\t\t\t\t\t\t\t\t<div class=\"elementor-text-editor elementor-clearfix\">\n\t\t\t\t<p>Helen est la fondatrice du programme <img loading=\"lazy\" src=\"https:\/\/minibiblioplus.org\/\/wp-content\/uploads\/2019\/08\/colour-300x39.png\" alt=\"\" width=\"108\" height=\"14\" \/>. Elle d\u00e9tient plus de 32 ans d\u2019exp\u00e9rience dans les domaines de la collecte de fonds, du marketing et de la promotion. Elle est aussi administrateur de l&#8217;Association des professionnels en philanthropie (division Qu\u00e9bec) et pr\u00e9sidente du Comit\u00e9 Femmes et Diversit\u00e9 ainsi que membre de l&#8217;Association canadienne des professionnels en dons planifi\u00e9s (ACPDP). Elle est l&#8217;une des membres fondatrices du mouvement national d&#8217;alphab<span style=\"background-color: #ffffff;\">\u00e9<\/span>tisation pr<span style=\"background-color: #ffffff;\">\u00e9<\/span>coce. Sa mission personnelle est de cr\u00e9er une soci\u00e9t\u00e9 pleinement alphab\u00e9tis\u00e9e et \u00e9conomiquement responsable pour la prochaine g\u00e9n\u00e9ration. Cela commence par s\u2019assurer que tout le monde puisse avoir acc\u00e8s \u00e0 des livres et que les parents lisent r\u00e9guli\u00e8rement \u00e0 leurs enfants d\u00e8s leur naissance. C\u2019est gr\u00e2ce \u00e0 ce lien que l\u2019enfant d\u00e9veloppe la curiosit\u00e9 et la confiance qui lui sont n\u00e9cessaires pour r\u00e9ussir dans la vie. Helen est une rassembleuse naturelle qui croit fermement en la force du groupe et de la communaut\u00e9. Elle a beaucoup d\u2019affection pour son \u00e9quipe, ses parternaires et les nombreux b\u00e9n\u00e9voles qui sont les piliers du programme.<\/p><p style=\"text-align: justify; text-autospace: none;\">\u00a0<\/p><p style=\"text-align: justify;\"><a href=\"mailto:helen@minibiblioplus.org\">helen@minibiblioplus.org<\/a><\/p>\t\t\t\t\t<\/div>\n\t\t\t\t\t\t<\/div>\n\t\t\t\t<\/div>\n\t\t\t\t\t\t<\/div>\n\t\t\t\t\t<\/div>\n\t\t<\/div>\n\t\t\t\t\t\t\t\t<\/div>\n\t\t\t\t\t<\/div>\n\t\t<\/section>\n\t\t\t\t\t\t<\/div>\n\t\t\t\t\t\t<\/div>\n\t\t\t\t\t<\/div>\n\t\t","protected":false},"excerpt":{"rendered":"<p>Helen Fortin Chef de la direction Helen est la fondatrice du programme . Elle d\u00e9tient plus de 32 ans d\u2019exp\u00e9rience dans les domaines de la collecte de fonds, du marketing et de la promotion. Elle est aussi administrateur de l&#8217;Association des professionnels en philanthropie (division Qu\u00e9bec) et pr\u00e9sidente du Comit\u00e9 Femmes et Diversit\u00e9 ainsi que membre de l&#8217;Association canadienne des professionnels en dons planifi\u00e9s (ACPDP). Elle est l&#8217;une des membres fondatrices du mouvement national d&#8217;alphab\u00e9tisation pr\u00e9coce. Sa mission personnelle est&hellip;<\/p>\n","protected":false},"author":1,"featured_media":0,"parent":0,"menu_order":0,"comment_status":"closed","ping_status":"closed","template":"","meta":{"om_disable_all_campaigns":false,"_monsterinsights_skip_tracking":false,"_monsterinsights_sitenote_active":false,"_monsterinsights_sitenote_note":"","_monsterinsights_sitenote_category":0},"aioseo_notices":[],"_links":{"self":[{"href":"https:\/\/www.minibiblioplus.org\/index.php\/wp-json\/wp\/v2\/pages\/1081"}],"collection":[{"href":"https:\/\/www.minibiblioplus.org\/index.php\/wp-json\/wp\/v2\/pages"}],"about":[{"href":"https:\/\/www.minibiblioplus.org\/index.php\/wp-json\/wp\/v2\/types\/page"}],"author":[{"embeddable":true,"href":"https:\/\/www.minibiblioplus.org\/index.php\/wp-json\/wp\/v2\/users\/1"}],"replies":[{"embeddable":true,"href":"https:\/\/www.minibiblioplus.org\/index.php\/wp-json\/wp\/v2\/comments?post=1081"}],"version-history":[{"count":0,"href":"https:\/\/www.minibiblioplus.org\/index.php\/wp-json\/wp\/v2\/pages\/1081\/revisions"}],"wp:attachment":[{"href":"https:\/\/www.minibiblioplus.org\/index.php\/wp-json\/wp\/v2\/media?parent=1081"}],"curies":[{"name":"wp","href":"https:\/\/api.w.org\/{rel}","templated":true}]}}

<div data-elementor-type="wp-post" data-elementor-id="1081" class="elementor elementor-1081" data-elementor-settings="[]">
						<div class="elementor-inner">
							<div class="elementor-section-wrap">
							<section class="elementor-section elementor-top-section elementor-element elementor-element-0217fe6 elementor-section-boxed elementor-section-height-default elementor-section-height-default" data-id="0217fe6" data-element_type="section">
						<div class="elementor-container elementor-column-gap-default">
							<div class="elementor-row">
					<div class="elementor-column elementor-col-100 elementor-top-column elementor-element elementor-element-409c696" data-id="409c696" data-element_type="column">
			<div class="elementor-column-wrap elementor-element-populated">
							<div class="elementor-widget-wrap">
						<div class="elementor-element elementor-element-a24c29c elementor-widget elementor-widget-spacer" data-id="a24c29c" data-element_type="widget" data-widget_type="spacer.default">
				<div class="elementor-widget-container">
					<div class="elementor-spacer">
			<div class="elementor-spacer-inner"></div>
		</div>
				</div>
				</div>
						</div>
					</div>
		</div>
								</div>
					</div>
		</section>
				<section class="elementor-section elementor-top-section elementor-element elementor-element-c74282d elementor-section-boxed elementor-section-height-default elementor-section-height-default" data-id="c74282d" data-element_type="section">
						<div class="elementor-container elementor-column-gap-wide">
							<div class="elementor-row">
					<div class="elementor-column elementor-col-50 elementor-top-column elementor-element elementor-element-7bc9ba7" data-id="7bc9ba7" data-element_type="column">
			<div class="elementor-column-wrap elementor-element-populated">
							<div class="elementor-widget-wrap">
						<div class="elementor-element elementor-element-2e7c4e7 elementor-widget elementor-widget-image" data-id="2e7c4e7" data-element_type="widget" data-widget_type="image.default">
				<div class="elementor-widget-container">
								<div class="elementor-image">
												<img width="793" height="514" src="https://www.minibiblioplus.org/wp-content/uploads/2019/08/Helen_OurTeam_website.jpg" class="attachment-full size-full" alt="" loading="lazy" srcset="https://www.minibiblioplus.org/wp-content/uploads/2019/08/Helen_OurTeam_website.jpg 793w, https://www.minibiblioplus.org/wp-content/uploads/2019/08/Helen_OurTeam_website-300x194.jpg 300w, https://www.minibiblioplus.org/wp-content/uploads/2019/08/Helen_OurTeam_website-768x498.jpg 768w" sizes="(max-width: 793px) 100vw, 793px" />														</div>
						</div>
				</div>
						</div>
					</div>
		</div>
				<div class="elementor-column elementor-col-50 elementor-top-column elementor-element elementor-element-d564c42" data-id="d564c42" data-element_type="column">
			<div class="elementor-column-wrap elementor-element-populated">
							<div class="elementor-widget-wrap">
						<div class="elementor-element elementor-element-1557716 elementor-widget elementor-widget-heading" data-id="1557716" data-element_type="widget" data-widget_type="heading.default">
				<div class="elementor-widget-container">
			<h2 class="elementor-heading-title elementor-size-default">Helen Fortin</h2>		</div>
				</div>
				<div class="elementor-element elementor-element-af61015 elementor-widget elementor-widget-text-editor" data-id="af61015" data-element_type="widget" data-widget_type="text-editor.default">
				<div class="elementor-widget-container">
								<div class="elementor-text-editor elementor-clearfix">
				<p>Chef de la direction</p>					</div>
						</div>
				</div>
				<div class="elementor-element elementor-element-8d5ea10 elementor-widget elementor-widget-text-editor" data-id="8d5ea10" data-element_type="widget" data-widget_type="text-editor.default">
				<div class="elementor-widget-container">
								<div class="elementor-text-editor elementor-clearfix">
				<p>Helen est la fondatrice du programme <img loading="lazy" src="https://minibiblioplus.org//wp-content/uploads/2019/08/colour-300x39.png" alt="" width="108" height="14" />. Elle détient plus de 32 ans d’expérience dans les domaines de la collecte de fonds, du marketing et de la promotion. Elle est aussi administrateur de l&#8217;Association des professionnels en philanthropie (division Québec) et présidente du Comité Femmes et Diversité ainsi que membre de l&#8217;Association canadienne des professionnels en dons planifiés (ACPDP). Elle est l&#8217;une des membres fondatrices du mouvement national d&#8217;alphab<span style="background-color: #ffffff;">é</span>tisation pr<span style="background-color: #ffffff;">é</span>coce. Sa mission personnelle est de créer une société pleinement alphabétisée et économiquement responsable pour la prochaine génération. Cela commence par s’assurer que tout le monde puisse avoir accès à des livres et que les parents lisent régulièrement à leurs enfants dès leur naissance. C’est grâce à ce lien que l’enfant développe la curiosité et la confiance qui lui sont nécessaires pour réussir dans la vie. Helen est une rassembleuse naturelle qui croit fermement en la force du groupe et de la communauté. Elle a beaucoup d’affection pour son équipe, ses parternaires et les nombreux bénévoles qui sont les piliers du programme.</p><p style="text-align: justify; text-autospace: none;"> </p><p style="text-align: justify;"><a href="mailto:helen@minibiblioplus.org">helen@minibiblioplus.org</a></p>					</div>
						</div>
				</div>
						</div>
					</div>
		</div>
								</div>
					</div>
		</section>
						</div>
						</div>
					</div>

<p>Helen Fortin Chef de la direction Helen est la fondatrice du programme . Elle détient plus de 32 ans d’expérience dans les domaines de la collecte de fonds, du marketing et de la promotion. Elle est aussi administrateur de l&#8217;Association des professionnels en philanthropie (division Québec) et présidente du Comité Femmes et Diversité ainsi que membre de l&#8217;Association canadienne des professionnels en dons planifiés (ACPDP). Elle est l&#8217;une des membres fondatrices du mouvement national d&#8217;alphabétisation précoce. Sa mission personnelle est&hellip;</p>
