{"id":1103,"date":"2019-08-26T15:34:43","date_gmt":"2019-08-26T15:34:43","guid":{"rendered":"http:\/\/new.fraserhickson.ca\/?page_id=1103"},"modified":"2020-02-24T14:47:27","modified_gmt":"2020-02-24T14:47:27","slug":"vanessa-foran-2","status":"publish","type":"page","link":"https:\/\/www.minibiblioplus.org\/index.php\/vanessa-foran-2\/","title":{"rendered":"Vanessa Foran"},"content":{"rendered":"\t\t<div data-elementor-type=\"wp-post\" data-elementor-id=\"1103\" class=\"elementor elementor-1103\" data-elementor-settings=\"[]\">\n\t\t\t\t\t\t<div class=\"elementor-inner\">\n\t\t\t\t\t\t\t<div class=\"elementor-section-wrap\">\n\t\t\t\t\t\t\t<section class=\"elementor-section elementor-top-section elementor-element elementor-element-d83c169 elementor-section-boxed elementor-section-height-default elementor-section-height-default\" data-id=\"d83c169\" data-element_type=\"section\">\n\t\t\t\t\t\t<div class=\"elementor-container elementor-column-gap-default\">\n\t\t\t\t\t\t\t<div class=\"elementor-row\">\n\t\t\t\t\t<div class=\"elementor-column elementor-col-100 elementor-top-column elementor-element elementor-element-58bd553\" data-id=\"58bd553\" data-element_type=\"column\">\n\t\t\t<div class=\"elementor-column-wrap elementor-element-populated\">\n\t\t\t\t\t\t\t<div class=\"elementor-widget-wrap\">\n\t\t\t\t\t\t<div class=\"elementor-element elementor-element-634ab7c elementor-widget elementor-widget-spacer\" data-id=\"634ab7c\" data-element_type=\"widget\" data-widget_type=\"spacer.default\">\n\t\t\t\t<div class=\"elementor-widget-container\">\n\t\t\t\t\t<div class=\"elementor-spacer\">\n\t\t\t<div class=\"elementor-spacer-inner\"><\/div>\n\t\t<\/div>\n\t\t\t\t<\/div>\n\t\t\t\t<\/div>\n\t\t\t\t\t\t<\/div>\n\t\t\t\t\t<\/div>\n\t\t<\/div>\n\t\t\t\t\t\t\t\t<\/div>\n\t\t\t\t\t<\/div>\n\t\t<\/section>\n\t\t\t\t<section class=\"elementor-section elementor-top-section elementor-element elementor-element-23b570b elementor-section-boxed elementor-section-height-default elementor-section-height-default\" data-id=\"23b570b\" data-element_type=\"section\">\n\t\t\t\t\t\t<div class=\"elementor-container elementor-column-gap-wide\">\n\t\t\t\t\t\t\t<div class=\"elementor-row\">\n\t\t\t\t\t<div class=\"elementor-column elementor-col-50 elementor-top-column elementor-element elementor-element-ba6e923\" data-id=\"ba6e923\" data-element_type=\"column\">\n\t\t\t<div class=\"elementor-column-wrap elementor-element-populated\">\n\t\t\t\t\t\t\t<div class=\"elementor-widget-wrap\">\n\t\t\t\t\t\t<div class=\"elementor-element elementor-element-0765393 elementor-widget elementor-widget-image\" data-id=\"0765393\" data-element_type=\"widget\" data-widget_type=\"image.default\">\n\t\t\t\t<div class=\"elementor-widget-container\">\n\t\t\t\t\t\t\t\t<div class=\"elementor-image\">\n\t\t\t\t\t\t\t\t\t\t\t\t<img width=\"793\" height=\"516\" src=\"https:\/\/www.minibiblioplus.org\/wp-content\/uploads\/2019\/10\/Vanessa-Staff-Photo_web-1.jpg\" class=\"attachment-full size-full\" alt=\"\" loading=\"lazy\" srcset=\"https:\/\/www.minibiblioplus.org\/wp-content\/uploads\/2019\/10\/Vanessa-Staff-Photo_web-1.jpg 793w, https:\/\/www.minibiblioplus.org\/wp-content\/uploads\/2019\/10\/Vanessa-Staff-Photo_web-1-300x195.jpg 300w, https:\/\/www.minibiblioplus.org\/wp-content\/uploads\/2019\/10\/Vanessa-Staff-Photo_web-1-768x500.jpg 768w\" sizes=\"(max-width: 793px) 100vw, 793px\" \/>\t\t\t\t\t\t\t\t\t\t\t\t\t\t<\/div>\n\t\t\t\t\t\t<\/div>\n\t\t\t\t<\/div>\n\t\t\t\t\t\t<\/div>\n\t\t\t\t\t<\/div>\n\t\t<\/div>\n\t\t\t\t<div class=\"elementor-column elementor-col-50 elementor-top-column elementor-element elementor-element-0cd3516\" data-id=\"0cd3516\" data-element_type=\"column\">\n\t\t\t<div class=\"elementor-column-wrap elementor-element-populated\">\n\t\t\t\t\t\t\t<div class=\"elementor-widget-wrap\">\n\t\t\t\t\t\t<div class=\"elementor-element elementor-element-c855158 elementor-widget elementor-widget-heading\" data-id=\"c855158\" data-element_type=\"widget\" data-widget_type=\"heading.default\">\n\t\t\t\t<div class=\"elementor-widget-container\">\n\t\t\t<h2 class=\"elementor-heading-title elementor-size-default\">Vanessa Foran<\/h2>\t\t<\/div>\n\t\t\t\t<\/div>\n\t\t\t\t<div class=\"elementor-element elementor-element-08e83d9 elementor-widget elementor-widget-text-editor\" data-id=\"08e83d9\" data-element_type=\"widget\" data-widget_type=\"text-editor.default\">\n\t\t\t\t<div class=\"elementor-widget-container\">\n\t\t\t\t\t\t\t\t<div class=\"elementor-text-editor elementor-clearfix\">\n\t\t\t\t<p>Coordinatrice du recrutement\u00a0<\/p>\t\t\t\t\t<\/div>\n\t\t\t\t\t\t<\/div>\n\t\t\t\t<\/div>\n\t\t\t\t<div class=\"elementor-element elementor-element-ce3d7c1 elementor-widget elementor-widget-text-editor\" data-id=\"ce3d7c1\" data-element_type=\"widget\" data-widget_type=\"text-editor.default\">\n\t\t\t\t<div class=\"elementor-widget-container\">\n\t\t\t\t\t\t\t\t<div class=\"elementor-text-editor elementor-clearfix\">\n\t\t\t\t<p style=\"text-align: justify;\"><span style=\"font-size: 12.0pt; line-height: 107%; font-family: 'Calibri Light',sans-serif; mso-ascii-theme-font: major-latin; mso-hansi-theme-font: major-latin; mso-bidi-theme-font: major-latin; mso-ansi-language: FR-CA;\"><b>Vanessa est une b\u00e9n\u00e9vole passionn\u00e9e dans sa communaut\u00e9 avec des ann\u00e9es d&#8217;exp\u00e9rience en b\u00e9n\u00e9volat dans son r\u00f4le de coordonnatrice du recrutement. Elle croit fermement au pouvoir de l&#8217;engagement communautaire et \u00e0 la promotion de l&#8217;alphab\u00e9tisation pr\u00e9coce afin de cr\u00e9er du changement social positif. Elle a fait du b\u00e9n\u00e9volat ind\u00e9pendamment en tant que visiteur amical aupr\u00e8s de personnes \u00e2g\u00e9es et en tant que partenaire de vision pour les membres aveugles. Vanessa aspire \u00e0 partager son amour de la lecture et de l\u2019engagement communautaire avec tous nos b\u00e9n\u00e9voles et partenaires incroyables.<\/b><\/span><\/p><p style=\"text-align: justify;\"><a href=\"mailto:vol@minibiblioplus.org\" target=\"_blank\" rel=\"noopener\">vol@minibiblioplus.org<\/a><span style=\"color: #333333;\">\u00a0\/\/ (514) 872 0517<\/span><\/p>\t\t\t\t\t<\/div>\n\t\t\t\t\t\t<\/div>\n\t\t\t\t<\/div>\n\t\t\t\t\t\t<\/div>\n\t\t\t\t\t<\/div>\n\t\t<\/div>\n\t\t\t\t\t\t\t\t<\/div>\n\t\t\t\t\t<\/div>\n\t\t<\/section>\n\t\t\t\t<section class=\"elementor-section elementor-top-section elementor-element elementor-element-1458e73 elementor-section-boxed elementor-section-height-default elementor-section-height-default\" data-id=\"1458e73\" data-element_type=\"section\">\n\t\t\t\t\t\t<div class=\"elementor-container elementor-column-gap-default\">\n\t\t\t\t\t\t\t<div class=\"elementor-row\">\n\t\t\t\t\t<div class=\"elementor-column elementor-col-100 elementor-top-column elementor-element elementor-element-eec7d4a\" data-id=\"eec7d4a\" data-element_type=\"column\">\n\t\t\t<div class=\"elementor-column-wrap elementor-element-populated\">\n\t\t\t\t\t\t\t<div class=\"elementor-widget-wrap\">\n\t\t\t\t\t\t<div class=\"elementor-element elementor-element-d7a74c5 elementor-widget elementor-widget-spacer\" data-id=\"d7a74c5\" data-element_type=\"widget\" data-widget_type=\"spacer.default\">\n\t\t\t\t<div class=\"elementor-widget-container\">\n\t\t\t\t\t<div class=\"elementor-spacer\">\n\t\t\t<div class=\"elementor-spacer-inner\"><\/div>\n\t\t<\/div>\n\t\t\t\t<\/div>\n\t\t\t\t<\/div>\n\t\t\t\t\t\t<\/div>\n\t\t\t\t\t<\/div>\n\t\t<\/div>\n\t\t\t\t\t\t\t\t<\/div>\n\t\t\t\t\t<\/div>\n\t\t<\/section>\n\t\t\t\t\t\t<\/div>\n\t\t\t\t\t\t<\/div>\n\t\t\t\t\t<\/div>\n\t\t","protected":false},"excerpt":{"rendered":"<p>Vanessa Foran Coordinatrice du recrutement\u00a0 Vanessa est une b\u00e9n\u00e9vole passionn\u00e9e dans sa communaut\u00e9 avec des ann\u00e9es d&#8217;exp\u00e9rience en b\u00e9n\u00e9volat dans son r\u00f4le de coordonnatrice du recrutement. Elle croit fermement au pouvoir de l&#8217;engagement communautaire et \u00e0 la promotion de l&#8217;alphab\u00e9tisation pr\u00e9coce afin de cr\u00e9er du changement social positif. Elle a fait du b\u00e9n\u00e9volat ind\u00e9pendamment en tant que visiteur amical aupr\u00e8s de personnes \u00e2g\u00e9es et en tant que partenaire de vision pour les membres aveugles. Vanessa aspire \u00e0 partager son amour&hellip;<\/p>\n","protected":false},"author":1,"featured_media":0,"parent":0,"menu_order":0,"comment_status":"closed","ping_status":"closed","template":"","meta":{"om_disable_all_campaigns":false,"_monsterinsights_skip_tracking":false,"_monsterinsights_sitenote_active":false,"_monsterinsights_sitenote_note":"","_monsterinsights_sitenote_category":0},"aioseo_notices":[],"_links":{"self":[{"href":"https:\/\/www.minibiblioplus.org\/index.php\/wp-json\/wp\/v2\/pages\/1103"}],"collection":[{"href":"https:\/\/www.minibiblioplus.org\/index.php\/wp-json\/wp\/v2\/pages"}],"about":[{"href":"https:\/\/www.minibiblioplus.org\/index.php\/wp-json\/wp\/v2\/types\/page"}],"author":[{"embeddable":true,"href":"https:\/\/www.minibiblioplus.org\/index.php\/wp-json\/wp\/v2\/users\/1"}],"replies":[{"embeddable":true,"href":"https:\/\/www.minibiblioplus.org\/index.php\/wp-json\/wp\/v2\/comments?post=1103"}],"version-history":[{"count":1,"href":"https:\/\/www.minibiblioplus.org\/index.php\/wp-json\/wp\/v2\/pages\/1103\/revisions"}],"predecessor-version":[{"id":2596,"href":"https:\/\/www.minibiblioplus.org\/index.php\/wp-json\/wp\/v2\/pages\/1103\/revisions\/2596"}],"wp:attachment":[{"href":"https:\/\/www.minibiblioplus.org\/index.php\/wp-json\/wp\/v2\/media?parent=1103"}],"curies":[{"name":"wp","href":"https:\/\/api.w.org\/{rel}","templated":true}]}}

<div data-elementor-type="wp-post" data-elementor-id="1103" class="elementor elementor-1103" data-elementor-settings="[]">
						<div class="elementor-inner">
							<div class="elementor-section-wrap">
							<section class="elementor-section elementor-top-section elementor-element elementor-element-d83c169 elementor-section-boxed elementor-section-height-default elementor-section-height-default" data-id="d83c169" data-element_type="section">
						<div class="elementor-container elementor-column-gap-default">
							<div class="elementor-row">
					<div class="elementor-column elementor-col-100 elementor-top-column elementor-element elementor-element-58bd553" data-id="58bd553" data-element_type="column">
			<div class="elementor-column-wrap elementor-element-populated">
							<div class="elementor-widget-wrap">
						<div class="elementor-element elementor-element-634ab7c elementor-widget elementor-widget-spacer" data-id="634ab7c" data-element_type="widget" data-widget_type="spacer.default">
				<div class="elementor-widget-container">
					<div class="elementor-spacer">
			<div class="elementor-spacer-inner"></div>
		</div>
				</div>
				</div>
						</div>
					</div>
		</div>
								</div>
					</div>
		</section>
				<section class="elementor-section elementor-top-section elementor-element elementor-element-23b570b elementor-section-boxed elementor-section-height-default elementor-section-height-default" data-id="23b570b" data-element_type="section">
						<div class="elementor-container elementor-column-gap-wide">
							<div class="elementor-row">
					<div class="elementor-column elementor-col-50 elementor-top-column elementor-element elementor-element-ba6e923" data-id="ba6e923" data-element_type="column">
			<div class="elementor-column-wrap elementor-element-populated">
							<div class="elementor-widget-wrap">
						<div class="elementor-element elementor-element-0765393 elementor-widget elementor-widget-image" data-id="0765393" data-element_type="widget" data-widget_type="image.default">
				<div class="elementor-widget-container">
								<div class="elementor-image">
												<img width="793" height="516" src="https://www.minibiblioplus.org/wp-content/uploads/2019/10/Vanessa-Staff-Photo_web-1.jpg" class="attachment-full size-full" alt="" loading="lazy" srcset="https://www.minibiblioplus.org/wp-content/uploads/2019/10/Vanessa-Staff-Photo_web-1.jpg 793w, https://www.minibiblioplus.org/wp-content/uploads/2019/10/Vanessa-Staff-Photo_web-1-300x195.jpg 300w, https://www.minibiblioplus.org/wp-content/uploads/2019/10/Vanessa-Staff-Photo_web-1-768x500.jpg 768w" sizes="(max-width: 793px) 100vw, 793px" />														</div>
						</div>
				</div>
						</div>
					</div>
		</div>
				<div class="elementor-column elementor-col-50 elementor-top-column elementor-element elementor-element-0cd3516" data-id="0cd3516" data-element_type="column">
			<div class="elementor-column-wrap elementor-element-populated">
							<div class="elementor-widget-wrap">
						<div class="elementor-element elementor-element-c855158 elementor-widget elementor-widget-heading" data-id="c855158" data-element_type="widget" data-widget_type="heading.default">
				<div class="elementor-widget-container">
			<h2 class="elementor-heading-title elementor-size-default">Vanessa Foran</h2>		</div>
				</div>
				<div class="elementor-element elementor-element-08e83d9 elementor-widget elementor-widget-text-editor" data-id="08e83d9" data-element_type="widget" data-widget_type="text-editor.default">
				<div class="elementor-widget-container">
								<div class="elementor-text-editor elementor-clearfix">
				<p>Coordinatrice du recrutement </p>					</div>
						</div>
				</div>
				<div class="elementor-element elementor-element-ce3d7c1 elementor-widget elementor-widget-text-editor" data-id="ce3d7c1" data-element_type="widget" data-widget_type="text-editor.default">
				<div class="elementor-widget-container">
								<div class="elementor-text-editor elementor-clearfix">
				<p style="text-align: justify;"><span style="font-size: 12.0pt; line-height: 107%; font-family: 'Calibri Light',sans-serif; mso-ascii-theme-font: major-latin; mso-hansi-theme-font: major-latin; mso-bidi-theme-font: major-latin; mso-ansi-language: FR-CA;"><b>Vanessa est une bénévole passionnée dans sa communauté avec des années d&#8217;expérience en bénévolat dans son rôle de coordonnatrice du recrutement. Elle croit fermement au pouvoir de l&#8217;engagement communautaire et à la promotion de l&#8217;alphabétisation précoce afin de créer du changement social positif. Elle a fait du bénévolat indépendamment en tant que visiteur amical auprès de personnes âgées et en tant que partenaire de vision pour les membres aveugles. Vanessa aspire à partager son amour de la lecture et de l’engagement communautaire avec tous nos bénévoles et partenaires incroyables.</b></span></p><p style="text-align: justify;"><a href="mailto:vol@minibiblioplus.org" target="_blank" rel="noopener">vol@minibiblioplus.org</a><span style="color: #333333;"> // (514) 872 0517</span></p>					</div>
						</div>
				</div>
						</div>
					</div>
		</div>
								</div>
					</div>
		</section>
				<section class="elementor-section elementor-top-section elementor-element elementor-element-1458e73 elementor-section-boxed elementor-section-height-default elementor-section-height-default" data-id="1458e73" data-element_type="section">
						<div class="elementor-container elementor-column-gap-default">
							<div class="elementor-row">
					<div class="elementor-column elementor-col-100 elementor-top-column elementor-element elementor-element-eec7d4a" data-id="eec7d4a" data-element_type="column">
			<div class="elementor-column-wrap elementor-element-populated">
							<div class="elementor-widget-wrap">
						<div class="elementor-element elementor-element-d7a74c5 elementor-widget elementor-widget-spacer" data-id="d7a74c5" data-element_type="widget" data-widget_type="spacer.default">
				<div class="elementor-widget-container">
					<div class="elementor-spacer">
			<div class="elementor-spacer-inner"></div>
		</div>
				</div>
				</div>
						</div>
					</div>
		</div>
								</div>
					</div>
		</section>
						</div>
						</div>
					</div>

<p>Vanessa Foran Coordinatrice du recrutement  Vanessa est une bénévole passionnée dans sa communauté avec des années d&#8217;expérience en bénévolat dans son rôle de coordonnatrice du recrutement. Elle croit fermement au pouvoir de l&#8217;engagement communautaire et à la promotion de l&#8217;alphabétisation précoce afin de créer du changement social positif. Elle a fait du bénévolat indépendamment en tant que visiteur amical auprès de personnes âgées et en tant que partenaire de vision pour les membres aveugles. Vanessa aspire à partager son amour&hellip;</p>
