{"id":3855,"date":"2022-03-04T20:58:50","date_gmt":"2022-03-04T20:58:50","guid":{"rendered":"https:\/\/minibiblioplus.org\/?page_id=3855"},"modified":"2025-07-16T11:03:59","modified_gmt":"2025-07-16T15:03:59","slug":"anna-sidun-2","status":"publish","type":"page","link":"https:\/\/www.minibiblioplus.org\/index.php\/anna-sidun-2\/","title":{"rendered":"Anna Sidun"},"content":{"rendered":"\t\t<div data-elementor-type=\"wp-page\" data-elementor-id=\"3855\" class=\"elementor elementor-3855\" data-elementor-settings=\"[]\">\n\t\t\t\t\t\t<div class=\"elementor-inner\">\n\t\t\t\t\t\t\t<div class=\"elementor-section-wrap\">\n\t\t\t\t\t\t\t<section class=\"elementor-section elementor-top-section elementor-element elementor-element-6beb167 elementor-section-boxed elementor-section-height-default elementor-section-height-default\" data-id=\"6beb167\" data-element_type=\"section\">\n\t\t\t\t\t\t<div class=\"elementor-container elementor-column-gap-default\">\n\t\t\t\t\t\t\t<div class=\"elementor-row\">\n\t\t\t\t\t<div class=\"elementor-column elementor-col-33 elementor-top-column elementor-element elementor-element-d93d6f9\" data-id=\"d93d6f9\" data-element_type=\"column\">\n\t\t\t<div class=\"elementor-column-wrap elementor-element-populated\">\n\t\t\t\t\t\t\t<div class=\"elementor-widget-wrap\">\n\t\t\t\t\t\t<div class=\"elementor-element elementor-element-6b14dc4 elementor-widget elementor-widget-image\" data-id=\"6b14dc4\" data-element_type=\"widget\" data-widget_type=\"image.default\">\n\t\t\t\t<div class=\"elementor-widget-container\">\n\t\t\t\t\t\t\t\t<div class=\"elementor-image\">\n\t\t\t\t\t\t\t\t\t\t\t\t<img width=\"300\" height=\"225\" src=\"https:\/\/www.minibiblioplus.org\/wp-content\/uploads\/2022\/03\/MicrosoftTeams-image-300x225.jpg\" class=\"attachment-medium size-medium\" alt=\"\" loading=\"lazy\" srcset=\"https:\/\/www.minibiblioplus.org\/wp-content\/uploads\/2022\/03\/MicrosoftTeams-image-300x225.jpg 300w, https:\/\/www.minibiblioplus.org\/wp-content\/uploads\/2022\/03\/MicrosoftTeams-image-1024x768.jpg 1024w, https:\/\/www.minibiblioplus.org\/wp-content\/uploads\/2022\/03\/MicrosoftTeams-image-768x576.jpg 768w, https:\/\/www.minibiblioplus.org\/wp-content\/uploads\/2022\/03\/MicrosoftTeams-image-1536x1152.jpg 1536w, https:\/\/www.minibiblioplus.org\/wp-content\/uploads\/2022\/03\/MicrosoftTeams-image-2048x1536.jpg 2048w\" sizes=\"(max-width: 300px) 100vw, 300px\" \/>\t\t\t\t\t\t\t\t\t\t\t\t\t\t<\/div>\n\t\t\t\t\t\t<\/div>\n\t\t\t\t<\/div>\n\t\t\t\t\t\t<\/div>\n\t\t\t\t\t<\/div>\n\t\t<\/div>\n\t\t\t\t<div class=\"elementor-column elementor-col-66 elementor-top-column elementor-element elementor-element-8295dc6\" data-id=\"8295dc6\" data-element_type=\"column\">\n\t\t\t<div class=\"elementor-column-wrap elementor-element-populated\">\n\t\t\t\t\t\t\t<div class=\"elementor-widget-wrap\">\n\t\t\t\t\t\t<div class=\"elementor-element elementor-element-c6af499 elementor-widget elementor-widget-text-editor\" data-id=\"c6af499\" data-element_type=\"widget\" data-widget_type=\"text-editor.default\">\n\t\t\t\t<div class=\"elementor-widget-container\">\n\t\t\t\t\t\t\t\t<div class=\"elementor-text-editor elementor-clearfix\">\n\t\t\t\t<div data-id=\"1b51ef4\" data-element_type=\"widget\" data-widget_type=\"heading.default\">\n<div>\n<p>Anna est une \u00e9ducatrice de la petite enfance qualifi\u00e9e qui a plus de 4 ans d&#8217;exp\u00e9rience dans le domaine. Elle croit fermement \u00e0 l&#8217;importance de l&#8217;\u00e9galit\u00e9 pour tous les enfants et \u00e0 l&#8217;impact puissant de la litt\u00e9rature sur le d\u00e9veloppement de la petite enfance. Elle cherche \u00e0 faciliter les connexions entre les adultes passionn\u00e9s qui s&#8217;impliquent dans l&#8217;avenir des enfants afin d&#8217;amplifier les moments partag\u00e9s de chaleur et d&#8217;appr\u00e9ciation des livres \u00e0 travers les g\u00e9n\u00e9rations. Ses livres pr\u00e9f\u00e9r\u00e9s sont ceux de la s\u00e9rie \u00ab&nbsp;Moomin&nbsp;\u00bb de Tove Jansson.<\/p>\n<p><a href=\"mailto:assistant@minibiblioplus.org\" target=\"_blank\" rel=\"noopener\">assistant@minibiblioplus.org&nbsp;<\/a>\/\/ 514-872-0517<\/p>\n<\/div>\n<\/div>\t\t\t\t\t<\/div>\n\t\t\t\t\t\t<\/div>\n\t\t\t\t<\/div>\n\t\t\t\t\t\t<\/div>\n\t\t\t\t\t<\/div>\n\t\t<\/div>\n\t\t\t\t\t\t\t\t<\/div>\n\t\t\t\t\t<\/div>\n\t\t<\/section>\n\t\t\t\t\t\t<\/div>\n\t\t\t\t\t\t<\/div>\n\t\t\t\t\t<\/div>\n\t\t","protected":false},"excerpt":{"rendered":"<p>Anna est une \u00e9ducatrice de la petite enfance qualifi\u00e9e qui a plus de 4 ans d&#8217;exp\u00e9rience dans le domaine. Elle croit fermement \u00e0 l&#8217;importance de l&#8217;\u00e9galit\u00e9 pour tous les enfants et \u00e0 l&#8217;impact puissant de la litt\u00e9rature sur le d\u00e9veloppement de la petite enfance. Elle cherche \u00e0 faciliter les connexions entre les adultes passionn\u00e9s qui s&#8217;impliquent dans l&#8217;avenir des enfants afin d&#8217;amplifier les moments partag\u00e9s de chaleur et d&#8217;appr\u00e9ciation des livres \u00e0 travers les g\u00e9n\u00e9rations. Ses livres pr\u00e9f\u00e9r\u00e9s sont ceux&hellip;<\/p>\n","protected":false},"author":1,"featured_media":0,"parent":0,"menu_order":0,"comment_status":"closed","ping_status":"closed","template":"","meta":{"om_disable_all_campaigns":false,"_monsterinsights_skip_tracking":false,"_monsterinsights_sitenote_active":false,"_monsterinsights_sitenote_note":"","_monsterinsights_sitenote_category":0},"aioseo_notices":[],"_links":{"self":[{"href":"https:\/\/www.minibiblioplus.org\/index.php\/wp-json\/wp\/v2\/pages\/3855"}],"collection":[{"href":"https:\/\/www.minibiblioplus.org\/index.php\/wp-json\/wp\/v2\/pages"}],"about":[{"href":"https:\/\/www.minibiblioplus.org\/index.php\/wp-json\/wp\/v2\/types\/page"}],"author":[{"embeddable":true,"href":"https:\/\/www.minibiblioplus.org\/index.php\/wp-json\/wp\/v2\/users\/1"}],"replies":[{"embeddable":true,"href":"https:\/\/www.minibiblioplus.org\/index.php\/wp-json\/wp\/v2\/comments?post=3855"}],"version-history":[{"count":24,"href":"https:\/\/www.minibiblioplus.org\/index.php\/wp-json\/wp\/v2\/pages\/3855\/revisions"}],"predecessor-version":[{"id":6886,"href":"https:\/\/www.minibiblioplus.org\/index.php\/wp-json\/wp\/v2\/pages\/3855\/revisions\/6886"}],"wp:attachment":[{"href":"https:\/\/www.minibiblioplus.org\/index.php\/wp-json\/wp\/v2\/media?parent=3855"}],"curies":[{"name":"wp","href":"https:\/\/api.w.org\/{rel}","templated":true}]}}

<div data-elementor-type="wp-page" data-elementor-id="3855" class="elementor elementor-3855" data-elementor-settings="[]">
						<div class="elementor-inner">
							<div class="elementor-section-wrap">
							<section class="elementor-section elementor-top-section elementor-element elementor-element-6beb167 elementor-section-boxed elementor-section-height-default elementor-section-height-default" data-id="6beb167" data-element_type="section">
						<div class="elementor-container elementor-column-gap-default">
							<div class="elementor-row">
					<div class="elementor-column elementor-col-33 elementor-top-column elementor-element elementor-element-d93d6f9" data-id="d93d6f9" data-element_type="column">
			<div class="elementor-column-wrap elementor-element-populated">
							<div class="elementor-widget-wrap">
						<div class="elementor-element elementor-element-6b14dc4 elementor-widget elementor-widget-image" data-id="6b14dc4" data-element_type="widget" data-widget_type="image.default">
				<div class="elementor-widget-container">
								<div class="elementor-image">
												<img width="300" height="225" src="https://www.minibiblioplus.org/wp-content/uploads/2022/03/MicrosoftTeams-image-300x225.jpg" class="attachment-medium size-medium" alt="" loading="lazy" srcset="https://www.minibiblioplus.org/wp-content/uploads/2022/03/MicrosoftTeams-image-300x225.jpg 300w, https://www.minibiblioplus.org/wp-content/uploads/2022/03/MicrosoftTeams-image-1024x768.jpg 1024w, https://www.minibiblioplus.org/wp-content/uploads/2022/03/MicrosoftTeams-image-768x576.jpg 768w, https://www.minibiblioplus.org/wp-content/uploads/2022/03/MicrosoftTeams-image-1536x1152.jpg 1536w, https://www.minibiblioplus.org/wp-content/uploads/2022/03/MicrosoftTeams-image-2048x1536.jpg 2048w" sizes="(max-width: 300px) 100vw, 300px" />														</div>
						</div>
				</div>
						</div>
					</div>
		</div>
				<div class="elementor-column elementor-col-66 elementor-top-column elementor-element elementor-element-8295dc6" data-id="8295dc6" data-element_type="column">
			<div class="elementor-column-wrap elementor-element-populated">
							<div class="elementor-widget-wrap">
						<div class="elementor-element elementor-element-c6af499 elementor-widget elementor-widget-text-editor" data-id="c6af499" data-element_type="widget" data-widget_type="text-editor.default">
				<div class="elementor-widget-container">
								<div class="elementor-text-editor elementor-clearfix">
				<div data-id="1b51ef4" data-element_type="widget" data-widget_type="heading.default">
<div>
<p>Anna est une éducatrice de la petite enfance qualifiée qui a plus de 4 ans d&#8217;expérience dans le domaine. Elle croit fermement à l&#8217;importance de l&#8217;égalité pour tous les enfants et à l&#8217;impact puissant de la littérature sur le développement de la petite enfance. Elle cherche à faciliter les connexions entre les adultes passionnés qui s&#8217;impliquent dans l&#8217;avenir des enfants afin d&#8217;amplifier les moments partagés de chaleur et d&#8217;appréciation des livres à travers les générations. Ses livres préférés sont ceux de la série «&nbsp;Moomin&nbsp;» de Tove Jansson.</p>
<p><a href="mailto:assistant@minibiblioplus.org" target="_blank" rel="noopener">assistant@minibiblioplus.org&nbsp;</a>// 514-872-0517</p>
</div>
</div>					</div>
						</div>
				</div>
						</div>
					</div>
		</div>
								</div>
					</div>
		</section>
						</div>
						</div>
					</div>

<p>Anna est une éducatrice de la petite enfance qualifiée qui a plus de 4 ans d&#8217;expérience dans le domaine. Elle croit fermement à l&#8217;importance de l&#8217;égalité pour tous les enfants et à l&#8217;impact puissant de la littérature sur le développement de la petite enfance. Elle cherche à faciliter les connexions entre les adultes passionnés qui s&#8217;impliquent dans l&#8217;avenir des enfants afin d&#8217;amplifier les moments partagés de chaleur et d&#8217;appréciation des livres à travers les générations. Ses livres préférés sont ceux&hellip;</p>
