{"id":6877,"date":"2025-07-16T10:59:09","date_gmt":"2025-07-16T14:59:09","guid":{"rendered":"https:\/\/www.minibiblioplus.org\/?page_id=6877"},"modified":"2025-07-16T11:02:21","modified_gmt":"2025-07-16T15:02:21","slug":"joannie-boire","status":"publish","type":"page","link":"https:\/\/www.minibiblioplus.org\/index.php\/joannie-boire\/","title":{"rendered":"Joannie Boire"},"content":{"rendered":"\t\t<div data-elementor-type=\"wp-page\" data-elementor-id=\"6877\" class=\"elementor elementor-6877\" data-elementor-settings=\"[]\">\n\t\t\t\t\t\t<div class=\"elementor-inner\">\n\t\t\t\t\t\t\t<div class=\"elementor-section-wrap\">\n\t\t\t\t\t\t\t<section class=\"elementor-section elementor-top-section elementor-element elementor-element-496b413 elementor-section-boxed elementor-section-height-default elementor-section-height-default\" data-id=\"496b413\" data-element_type=\"section\">\n\t\t\t\t\t\t<div class=\"elementor-container elementor-column-gap-default\">\n\t\t\t\t\t\t\t<div class=\"elementor-row\">\n\t\t\t\t\t<div class=\"elementor-column elementor-col-66 elementor-top-column elementor-element elementor-element-bf04dad\" data-id=\"bf04dad\" data-element_type=\"column\">\n\t\t\t<div class=\"elementor-column-wrap elementor-element-populated\">\n\t\t\t\t\t\t\t<div class=\"elementor-widget-wrap\">\n\t\t\t\t\t\t<div class=\"elementor-element elementor-element-21d5866 elementor-widget elementor-widget-text-editor\" data-id=\"21d5866\" data-element_type=\"widget\" data-widget_type=\"text-editor.default\">\n\t\t\t\t<div class=\"elementor-widget-container\">\n\t\t\t\t\t\t\t\t<div class=\"elementor-text-editor elementor-clearfix\">\n\t\t\t\t<p>Joannie poss\u00e8de une solide exp\u00e9rience en gestion de projets, en mobilisation citoyenne et en organisation d\u2019\u00e9v\u00e9nements. Son parcours acad\u00e9mique ancr\u00e9 dans les sciences se conjugue \u00e0 une sensibilit\u00e9 marqu\u00e9e pour l\u2019environnement et les arts. Autrice et illustratrice jeunesse \u00e0 ses heures, elle est passionn\u00e9e par les albums illustr\u00e9s depuis l\u2019enfance, qu\u2019elle consid\u00e8re comme un outil essentiel pour stimuler l\u2019imaginaire et le d\u00e9veloppement des jeunes enfants.<\/p><p><span style=\"font-size: 1.05rem;\">Marqu\u00e9e d\u00e8s son jeune \u00e2ge par la beaut\u00e9 et l\u2019\u00e9motion suscit\u00e9es par des albums comme <\/span><i style=\"font-size: 1.05rem;\">Le Poisson Arc-en-ciel<\/i><span style=\"font-size: 1.05rem;\">, elle croit profond\u00e9ment au pouvoir des histoires pour \u00e9veiller la curiosit\u00e9 et nourrir l\u2019empathie. Aujourd\u2019hui coordonnatrice de la sensibilisation, elle pilote avec enthousiasme le projet phare <\/span><strong style=\"font-size: 1.05rem;\">L\u2019heure du conte au soleil<\/strong><span style=\"font-size: 1.05rem;\">, dans l\u2019espoir de rejoindre le plus d\u2019enfants possible et de leur transmettre le plaisir de la lecture\u2026 en plein air et sous les rayons du soleil!\u00a0\ud83c\udf1e<\/span><\/p><p>Son album coup de c\u0153ur \u00e0 lire aux tout-petits?\u00a0<i>I Am Bat<\/i> de Morag Hood.<\/p><p>info@minibiblioplus.org \/\/ 514-872-0517<\/p>\t\t\t\t\t<\/div>\n\t\t\t\t\t\t<\/div>\n\t\t\t\t<\/div>\n\t\t\t\t\t\t<\/div>\n\t\t\t\t\t<\/div>\n\t\t<\/div>\n\t\t\t\t<div class=\"elementor-column elementor-col-33 elementor-top-column elementor-element elementor-element-6cf0033\" data-id=\"6cf0033\" data-element_type=\"column\">\n\t\t\t<div class=\"elementor-column-wrap elementor-element-populated\">\n\t\t\t\t\t\t\t<div class=\"elementor-widget-wrap\">\n\t\t\t\t\t\t<div class=\"elementor-element elementor-element-8e7f718 elementor-widget elementor-widget-image\" data-id=\"8e7f718\" data-element_type=\"widget\" data-widget_type=\"image.default\">\n\t\t\t\t<div class=\"elementor-widget-container\">\n\t\t\t\t\t\t\t\t<div class=\"elementor-image\">\n\t\t\t\t\t\t\t\t\t\t\t\t<img width=\"640\" height=\"640\" src=\"https:\/\/www.minibiblioplus.org\/wp-content\/uploads\/2025\/07\/team-photos-website-4-1024x1024.png\" class=\"attachment-large size-large\" alt=\"\" loading=\"lazy\" srcset=\"https:\/\/www.minibiblioplus.org\/wp-content\/uploads\/2025\/07\/team-photos-website-4-1024x1024.png 1024w, https:\/\/www.minibiblioplus.org\/wp-content\/uploads\/2025\/07\/team-photos-website-4-300x300.png 300w, https:\/\/www.minibiblioplus.org\/wp-content\/uploads\/2025\/07\/team-photos-website-4-150x150.png 150w, https:\/\/www.minibiblioplus.org\/wp-content\/uploads\/2025\/07\/team-photos-website-4-768x768.png 768w, https:\/\/www.minibiblioplus.org\/wp-content\/uploads\/2025\/07\/team-photos-website-4-600x600.png 600w, https:\/\/www.minibiblioplus.org\/wp-content\/uploads\/2025\/07\/team-photos-website-4.png 1200w\" sizes=\"(max-width: 640px) 100vw, 640px\" \/>\t\t\t\t\t\t\t\t\t\t\t\t\t\t<\/div>\n\t\t\t\t\t\t<\/div>\n\t\t\t\t<\/div>\n\t\t\t\t\t\t<\/div>\n\t\t\t\t\t<\/div>\n\t\t<\/div>\n\t\t\t\t\t\t\t\t<\/div>\n\t\t\t\t\t<\/div>\n\t\t<\/section>\n\t\t\t\t\t\t<\/div>\n\t\t\t\t\t\t<\/div>\n\t\t\t\t\t<\/div>\n\t\t","protected":false},"excerpt":{"rendered":"<p>Joannie poss\u00e8de une solide exp\u00e9rience en gestion de projets, en mobilisation citoyenne et en organisation d\u2019\u00e9v\u00e9nements. Son parcours acad\u00e9mique ancr\u00e9 dans les sciences se conjugue \u00e0 une sensibilit\u00e9 marqu\u00e9e pour l\u2019environnement et les arts. Autrice et illustratrice jeunesse \u00e0 ses heures, elle est passionn\u00e9e par les albums illustr\u00e9s depuis l\u2019enfance, qu\u2019elle consid\u00e8re comme un outil essentiel pour stimuler l\u2019imaginaire et le d\u00e9veloppement des jeunes enfants. Marqu\u00e9e d\u00e8s son jeune \u00e2ge par la beaut\u00e9 et l\u2019\u00e9motion suscit\u00e9es par des albums comme&hellip;<\/p>\n","protected":false},"author":1,"featured_media":0,"parent":0,"menu_order":0,"comment_status":"closed","ping_status":"closed","template":"","meta":{"om_disable_all_campaigns":false,"_monsterinsights_skip_tracking":false,"_monsterinsights_sitenote_active":false,"_monsterinsights_sitenote_note":"","_monsterinsights_sitenote_category":0},"aioseo_notices":[],"_links":{"self":[{"href":"https:\/\/www.minibiblioplus.org\/index.php\/wp-json\/wp\/v2\/pages\/6877"}],"collection":[{"href":"https:\/\/www.minibiblioplus.org\/index.php\/wp-json\/wp\/v2\/pages"}],"about":[{"href":"https:\/\/www.minibiblioplus.org\/index.php\/wp-json\/wp\/v2\/types\/page"}],"author":[{"embeddable":true,"href":"https:\/\/www.minibiblioplus.org\/index.php\/wp-json\/wp\/v2\/users\/1"}],"replies":[{"embeddable":true,"href":"https:\/\/www.minibiblioplus.org\/index.php\/wp-json\/wp\/v2\/comments?post=6877"}],"version-history":[{"count":3,"href":"https:\/\/www.minibiblioplus.org\/index.php\/wp-json\/wp\/v2\/pages\/6877\/revisions"}],"predecessor-version":[{"id":6880,"href":"https:\/\/www.minibiblioplus.org\/index.php\/wp-json\/wp\/v2\/pages\/6877\/revisions\/6880"}],"wp:attachment":[{"href":"https:\/\/www.minibiblioplus.org\/index.php\/wp-json\/wp\/v2\/media?parent=6877"}],"curies":[{"name":"wp","href":"https:\/\/api.w.org\/{rel}","templated":true}]}}

<div data-elementor-type="wp-page" data-elementor-id="6877" class="elementor elementor-6877" data-elementor-settings="[]">
						<div class="elementor-inner">
							<div class="elementor-section-wrap">
							<section class="elementor-section elementor-top-section elementor-element elementor-element-496b413 elementor-section-boxed elementor-section-height-default elementor-section-height-default" data-id="496b413" data-element_type="section">
						<div class="elementor-container elementor-column-gap-default">
							<div class="elementor-row">
					<div class="elementor-column elementor-col-66 elementor-top-column elementor-element elementor-element-bf04dad" data-id="bf04dad" data-element_type="column">
			<div class="elementor-column-wrap elementor-element-populated">
							<div class="elementor-widget-wrap">
						<div class="elementor-element elementor-element-21d5866 elementor-widget elementor-widget-text-editor" data-id="21d5866" data-element_type="widget" data-widget_type="text-editor.default">
				<div class="elementor-widget-container">
								<div class="elementor-text-editor elementor-clearfix">
				<p>Joannie possède une solide expérience en gestion de projets, en mobilisation citoyenne et en organisation d’événements. Son parcours académique ancré dans les sciences se conjugue à une sensibilité marquée pour l’environnement et les arts. Autrice et illustratrice jeunesse à ses heures, elle est passionnée par les albums illustrés depuis l’enfance, qu’elle considère comme un outil essentiel pour stimuler l’imaginaire et le développement des jeunes enfants.</p><p><span style="font-size: 1.05rem;">Marquée dès son jeune âge par la beauté et l’émotion suscitées par des albums comme </span><i style="font-size: 1.05rem;">Le Poisson Arc-en-ciel</i><span style="font-size: 1.05rem;">, elle croit profondément au pouvoir des histoires pour éveiller la curiosité et nourrir l’empathie. Aujourd’hui coordonnatrice de la sensibilisation, elle pilote avec enthousiasme le projet phare </span><strong style="font-size: 1.05rem;">L’heure du conte au soleil</strong><span style="font-size: 1.05rem;">, dans l’espoir de rejoindre le plus d’enfants possible et de leur transmettre le plaisir de la lecture… en plein air et sous les rayons du soleil! 🌞</span></p><p>Son album coup de cœur à lire aux tout-petits? <i>I Am Bat</i> de Morag Hood.</p><p>info@minibiblioplus.org // 514-872-0517</p>					</div>
						</div>
				</div>
						</div>
					</div>
		</div>
				<div class="elementor-column elementor-col-33 elementor-top-column elementor-element elementor-element-6cf0033" data-id="6cf0033" data-element_type="column">
			<div class="elementor-column-wrap elementor-element-populated">
							<div class="elementor-widget-wrap">
						<div class="elementor-element elementor-element-8e7f718 elementor-widget elementor-widget-image" data-id="8e7f718" data-element_type="widget" data-widget_type="image.default">
				<div class="elementor-widget-container">
								<div class="elementor-image">
												<img width="640" height="640" src="https://www.minibiblioplus.org/wp-content/uploads/2025/07/team-photos-website-4-1024x1024.png" class="attachment-large size-large" alt="" loading="lazy" srcset="https://www.minibiblioplus.org/wp-content/uploads/2025/07/team-photos-website-4-1024x1024.png 1024w, https://www.minibiblioplus.org/wp-content/uploads/2025/07/team-photos-website-4-300x300.png 300w, https://www.minibiblioplus.org/wp-content/uploads/2025/07/team-photos-website-4-150x150.png 150w, https://www.minibiblioplus.org/wp-content/uploads/2025/07/team-photos-website-4-768x768.png 768w, https://www.minibiblioplus.org/wp-content/uploads/2025/07/team-photos-website-4-600x600.png 600w, https://www.minibiblioplus.org/wp-content/uploads/2025/07/team-photos-website-4.png 1200w" sizes="(max-width: 640px) 100vw, 640px" />														</div>
						</div>
				</div>
						</div>
					</div>
		</div>
								</div>
					</div>
		</section>
						</div>
						</div>
					</div>

<p>Joannie possède une solide expérience en gestion de projets, en mobilisation citoyenne et en organisation d’événements. Son parcours académique ancré dans les sciences se conjugue à une sensibilité marquée pour l’environnement et les arts. Autrice et illustratrice jeunesse à ses heures, elle est passionnée par les albums illustrés depuis l’enfance, qu’elle considère comme un outil essentiel pour stimuler l’imaginaire et le développement des jeunes enfants. Marquée dès son jeune âge par la beauté et l’émotion suscitées par des albums comme&hellip;</p>
